is divided by 903.
8
What is the remainder when 22509 is divided by 15?
9
What is the remainder when 89115 is divided by 29?
27
What is the remainder when 22308 is divided by 50?
8
What is the remainder when 5237 is divided by 5225?
12
What is the remainder when 1233 is divided by 418?
397
What is the remainder when 9993 is divided by 1170?
633
What is the remainder when 40984 is divided by 20459?
66
Calculate the remainder when 1704 is divided by 13.
1
Calculate the remainder when 8434 is divided by 646.
36
What is the remainder when 52493 is divided by 232?
61
Calculate the remainder when 46307 is divided by 23026.
255
What is the remainder when 12634 is divided by 156?
154
Calculate the remainder when 1323 is divided by 69.
12
What is the remainder when 4012 is divided by 224?
204
What is the remainder when 25065 is divided by 3573?
54
What is the remainder when 5639 is divided by 984?
719
What is the remainder when 75657 is divided by 19?
18
Calculate the remainder when 87343 is divided by 633.
622
What is the remainder when 5556 is divided by 925?
6
Calculate the remainder when 29289 is divided by 4876.
33
Calculate the remainder when 332259 is divided by 349.
11
What is the remainder when 4795 is divided by 133?
7
Calculate the remainder when 90113 is divided by 90113.
0
Calculate the remainder when 12369 is divided by 75.
69
What is the remainder when 27655 is divided by 748?
727
What is the remainder when 5914 is divided by 113?
38
Calculate the remainder when 5796 is divided by 5758.
38
What is the remainder when 15634 is divided by 28?
10
Calculate the remainder when 5559 is divided by 353.
264
Calculate the remainder when 1717 is divided by 42.
37
Calculate the remainder when 32096 is divided by 338.
324
What is the remainder when 5758 is divided by 1144?
38
Calculate the remainder when 1942 is divided by 29.
28
Calculate the remainder when 954 is divided by 264.
162
Calculate the remainder when 15958 is divided by 1595.
8
Calculate the remainder when 2845 is divided by 981.
883
What is the remainder when 74342 is divided by 2858?
34
What is the remainder when 95777 is divided by 1497?
1466
Calculate the remainder when 20672 is divided by 1031.
52
What is the remainder when 81004 is divided by 86?
78
Calculate the remainder when 13825 is divided by 2763.
10
Calculate the remainder when 212 is divided by 36.
32
What is the remainder when 1268 is divided by 324?
296
What is the remainder when 1520 is divided by 650?
220
What is the remainder when 927 is divided by 23?
7
Calculate the remainder when 23461 is divided by 23452.
9
Calculate the remainder when 1660 is divided by 21.
1
Calculate the remainder when 611 is divided by 24.
11
What is the remainder when 1447 is divided by 439?
130
What is the remainder when 253299 is divided by 20?
19
Calculate the remainder when 316245 is divided by 39.
33
Calculate the remainder when 8004 is divided by 56.
52
Calculate the remainder when 1523113 is divided by 532.
529
What is the remainder when 71938 is divided by 1058?
1052
What is the remainder when 3195 is divided by 3176?
19
Calculate the remainder when 84936 is divided by 29.
24
Calculate the remainder when 13606 is divided by 145.
121
What is the remainder when 1155 is divided by 639?
516
Calculate the remainder when 2232 is divided by 675.
207
Calculate the remainder when 86398 is divided by 180.
178
What is the remainder when 2164 is divided by 701?
61
What is the remainder when 337041 is divided by 44?
1
Calculate the remainder when 226278 is divided by 25141.
9
Calculate the remainder when 1092 is divided by 387.
318
Calculate the remainder when 2293 is divided by 9.
7
Calculate the remainder when 125800 is divided by 26.
12
What is the remainder when 20339 is divided by 121?
11
What is the remainder when 13969 is divided by 254?
253
Calculate the remainder when 9905 is divided by 211.
199
Calculate the remainder when 498 is divided by 370.
128
Calculate the remainder when 4299 is divided by 12.
3
Calculate the remainder when 67035 is divided by 871.
839
Calculate the remainder when 5361 is divided by 234.
213
What is the remainder when 9345 is divided by 156?
141
What is the remainder when 646 is divided by 320?
6
Calculate the remainder when 57775 is divided by 1442.
95
What is the remainder when 19282 is divided by 9639?
4
What is the remainder when 8754 is divided by 1511?
1199
What is the remainder when 1401 is divided by 24?
9
Calculate the remainder when 69036 is divided by 1188.
132
What is the remainder when 60593 is divided by 594?
5
Calculate the remainder when 1842 is divided by 72.
42
What is the remainder when 707636 is divided by 32?
20
What is the remainder when 86351 is divided by 28658?
377
Calculate the remainder when 30931 is divided by 30901.
30
What is the remainder when 345 is divided by 168?
9
What is the remainder when 24531 is divided by 27?
15
Calculate the remainder when 4368 is divided by 1999.
370
Calculate the remainder when 24 is divided by 1.
0
Calculate the remainder when 9815 is divided by 112.
71
Calculate the remainder when 5584 is divided by 112.
96
Calculate the remainder when 6662 is divided by 478.
448
What is the remainder when 55448 is divided by 7920?
8
Calculate the remainder when 1260 is divided by 449.
362
What is the remainder when 857 is divided by 13?
12
Calculate the remainder when 194182 is divided by 64724.
10
Calculate the remainder when 38106 is divided by 3805.
56
Calculate the remainder when 19987 is divided by 19940.
47
Calculate the remainder when 6190 is divided by 1537.
42
What is the remainder when 1851 is divided by 910?
31
What is the remainder when 3577872 is divided by 20?
12
Calculate the remainder when 660 is divided by 132.
0
Calculate the remainder when 11907 is divided by 742.
35
What is the remainder when 3455 is divided by 264?
23
What is the remainder when 4335 is divided by 9?
6
Calculate the remainder when 16769 is divided by 49.
11
Calculate the remainder when 1067891 is divided by 25.
16
What is the remainder when 163593 is divided by 409?
402
What is the remainder when 10441 is divided by 2086?
11
What is the remainder when 17358 is divided by 459?
375
Calculate the remainder when 6612 is divided by 148.
100
Calculate the remainder when 36818 is divided by 18409.
0
Calculate the remainder when 10446 is divided by 11.
7
Calculate the remainder when 6436 is divided by 21.
10
What is the remainder when 20546 is divided by 68?
10
Calculate the remainder when 2378 is divided by 119.
117
Calculate the remainder when 48843 is divided by 16266.
45
Calculate the remainder when 174574 is divided by 24.
22
What is the remainder when 34879 is divided by 26?
13
Calculate the remainder when 393496 is divided by 567.
565
Calculate the remainder when 27909 is divided by 527.
505
What is the remainder when 7788 is divided by 76?
36
Calculate the remainder when 1387052 is divided by 296.
292
Calculate the remainder when 684021 is divided by 103.
101
Calculate the remainder when 210573 is divided by 89.
88
What is the remainder when 17936 is divided by 238?
86
What is the remainder when 67757 is divided by 605?
602
Calculate the remainder when 240784 is divided by 80254.
22
What is the remainder when 25428 is divided by 431?
430
What is the remainder when 4935 is divided by 822?
3
What is the remainder when 597 is divided by 208?
181
What is the remainder when 24200 is divided by 30?
20
What is the remainder when 839 is divided by 259?
62
Calculate the remainder when 14107 is divided by 23.
8
What is the remainder when 11388 is divided by 662?
134
Calculate the remainder when 17890 is divided by 57.
49
What is the remainder when 1543 is divided by 260?
243
Calculate the remainder when 2156 is divided by 414.
86
What is the remainder when 2923 is divided by 463?
145
What is the remainder when 9199 is divided by 2874?
577
Calculate the remainder when 14126 is divided by 14035.
91
Calculate the remainder when 541844 is divided by 108365.
19
Calculate the remainder when 284780 is divided by 7.
6
What is the remainder when 73530 is divided by 69?
45
Calculate the remainder when 2845 is divided by 937.
34
Calculate the remainder when 26718 is divided by 4.
2
Calculate the rem